{"id":1110,"date":"2021-02-03T10:49:44","date_gmt":"2021-02-03T09:49:44","guid":{"rendered":"https:\/\/www.andreavillat.ch\/?page_id=1110"},"modified":"2021-03-02T13:00:33","modified_gmt":"2021-03-02T12:00:33","slug":"nahaiwrimo-2021","status":"publish","type":"page","link":"https:\/\/www.tortueav.ch\/?page_id=1110","title":{"rendered":"NaHaiWriMo 2021"},"content":{"rendered":"\n<div class=\"wp-block-image\"><figure class=\"aligncenter size-large\"><img loading=\"lazy\" decoding=\"async\" width=\"656\" height=\"492\" src=\"https:\/\/www.andreavillat.ch\/wp-content\/uploads\/2021\/01\/DSC02743-petit.jpg\" alt=\"\" class=\"wp-image-1109\" srcset=\"https:\/\/www.tortueav.ch\/wp-content\/uploads\/2021\/01\/DSC02743-petit.jpg 656w, https:\/\/www.tortueav.ch\/wp-content\/uploads\/2021\/01\/DSC02743-petit-300x225.jpg 300w, https:\/\/www.tortueav.ch\/wp-content\/uploads\/2021\/01\/DSC02743-petit-560x420.jpg 560w, https:\/\/www.tortueav.ch\/wp-content\/uploads\/2021\/01\/DSC02743-petit-600x450.jpg 600w\" sizes=\"auto, (max-width: 656px) 100vw, 656px\" \/><\/figure><\/div>\n\n\n\n<p>1er f\u00e9vrier (lundi matin)<\/p>\n\n\n\n<p class=\"has-text-align-center\">lundi matin<\/p>\n\n\n\n<p class=\"has-text-align-center\">les pantoufles s&#8217;inqui\u00e8tent <\/p>\n\n\n\n<p class=\"has-text-align-center\">de la m\u00e9t\u00e9o<\/p>\n\n\n\n<p>2 f\u00e9vrier (r\u00eaves)<\/p>\n\n\n\n<p class=\"has-text-align-center\">plaine d\u00e9tremp\u00e9e<\/p>\n\n\n\n<p class=\"has-text-align-center\">comme dans un doux r\u00eave<\/p>\n\n\n\n<p class=\"has-text-align-center\">des \u00e9clats de ciel<\/p>\n\n\n\n<p>3 f\u00e9vrier (glissement de terrain)<\/p>\n\n\n\n<p class=\"has-text-align-center\">ta main dans ma main<\/p>\n\n\n\n<p class=\"has-text-align-center\">entre deux glissades<\/p>\n\n\n\n<p class=\"has-text-align-center\">un frisson de plaisir<\/p>\n\n\n\n<p>4 f\u00e9vrier (\u00ab&nbsp;J\u2019ai si peur&nbsp;\u00bb)<\/p>\n\n\n\n<p class=\"has-text-align-center\">frayeur nocturne \u2013<\/p>\n\n\n\n<p class=\"has-text-align-center\">hurlant \u00e0 c\u00f4t\u00e9 du lit<\/p>\n\n\n\n<p class=\"has-text-align-center\">le livre ferm\u00e9<\/p>\n\n\n\n<p>5 f\u00e9vrier  (le chant des oiseaux)<\/p>\n\n\n\n<p class=\"has-text-align-center\">au creux du silence<\/p>\n\n\n\n<p class=\"has-text-align-center\">quand on ne l\u2019attend plus<\/p>\n\n\n\n<p class=\"has-text-align-center\">le chant des oiseaux<\/p>\n\n\n\n<p>6 f\u00e9vrier (cha\u00eene, encha\u00een\u00e9)<\/p>\n\n\n\n<p class=\"has-text-align-center\">matin d\u2019hiver<\/p>\n\n\n\n<p class=\"has-text-align-center\">seule chez moi, d\u2019un doute \u00e0 l\u2019autre<\/p>\n\n\n\n<p class=\"has-text-align-center\">encha\u00een\u00e9e<\/p>\n\n\n\n<p>7 f\u00e9vrier (dents, crocs, d\u00e9fenses)<\/p>\n\n\n\n<p class=\"has-text-align-center\">matin douloureux<\/p>\n\n\n\n<p class=\"has-text-align-center\">entre deux b\u00e2illements<\/p>\n\n\n\n<p class=\"has-text-align-center\">les dents du peigne<\/p>\n\n\n\n<p>8 f\u00e9vrier (agrume, orange, citron,\u2026)<\/p>\n\n\n\n<p class=\"has-text-align-center\">sur le lit d\u00e9fait<\/p>\n\n\n\n<p class=\"has-text-align-center\">un reste d\u2019orange<\/p>\n\n\n\n<p class=\"has-text-align-center\">et le parfum de toi<\/p>\n\n\n\n<p>9 f\u00e9vrier  (b\u00e2ton)<\/p>\n\n\n\n<p class=\"has-text-align-center\">cannelle du soir<\/p>\n\n\n\n<p class=\"has-text-align-center\">dans la tasse fumante<\/p>\n\n\n\n<p class=\"has-text-align-center\">un dernier b\u00e2ton<\/p>\n\n\n\n<p>10 f\u00e9vrier (digue qui c\u00e8de, barrage qui s\u2019\u00e9croule, vase qui d\u00e9borde)<\/p>\n\n\n\n<p class=\"has-text-align-center\">d\u00e9bordement<\/p>\n\n\n\n<p class=\"has-text-align-center\">dans la mare silencieuse<\/p>\n\n\n\n<p class=\"has-text-align-center\">la tension monte<\/p>\n\n\n\n<p>11 f\u00e9vrier (trouble, au propre ou au figur\u00e9)<\/p>\n\n\n\n<p class=\"has-text-align-center\">trouble<\/p>\n\n\n\n<p class=\"has-text-align-center\">le souvenir d\u2019un autre printemps<\/p>\n\n\n\n<p class=\"has-text-align-center\">au fond de ma tasse<\/p>\n\n\n\n<p>12 f\u00e9vrier (quartier)<\/p>\n\n\n\n<p class=\"has-text-align-center\">d\u00e9but du printemps<\/p>\n\n\n\n<p class=\"has-text-align-center\">\u00e0 la fen\u00eatre le vieux chat<\/p>\n\n\n\n<p class=\"has-text-align-center\">prend ses quartiers<\/p>\n\n\n\n<p>13 f\u00e9vrier (laine)<\/p>\n\n\n\n<p class=\"has-text-align-center\">pour contrer l\u2019\u00e2ge<\/p>\n\n\n\n<p class=\"has-text-align-center\">et la solitude<\/p>\n\n\n\n<p class=\"has-text-align-center\">sa petite laine<\/p>\n\n\n\n<p>14 f\u00e9vrier (paradis)<\/p>\n\n\n\n<p class=\"has-text-align-center\">\u00e0 ma fen\u00eatre<\/p>\n\n\n\n<p class=\"has-text-align-center\">le chant d\u2019un perroquet bleu<\/p>\n\n\n\n<p class=\"has-text-align-center\">paradis lointain<\/p>\n\n\n\n<p>15 f\u00e9vrier (un, une)<\/p>\n\n\n\n<p class=\"has-text-align-center\">\u00e0 tous ces doutes<\/p>\n\n\n\n<p class=\"has-text-align-center\">une et une seule r\u00e9ponse<\/p>\n\n\n\n<p class=\"has-text-align-center\">l\u2019espoir<\/p>\n\n\n\n<p>16 f\u00e9vrier (une belle journ\u00e9e)<\/p>\n\n\n\n<p class=\"has-text-align-center\">matin chantant<\/p>\n\n\n\n<p class=\"has-text-align-center\">du beurre sur ma tartine<\/p>\n\n\n\n<p class=\"has-text-align-center\">et l\u2019infini du ciel<\/p>\n\n\n\n<p>17 f\u00e9vrier (fier, fiert\u00e9)<\/p>\n\n\n\n<p class=\"has-text-align-center\">l\u2019hiver \u00e0 sa fin<\/p>\n\n\n\n<p class=\"has-text-align-center\">pointant vers le ciel, les bourgeons<\/p>\n\n\n\n<p class=\"has-text-align-center\">fiers et tendus<\/p>\n\n\n\n<p>18 f\u00e9vrier (avec ou sans toi)<\/p>\n\n\n\n<p class=\"has-text-align-center\">sans toi<\/p>\n\n\n\n<p class=\"has-text-align-center\">le go\u00fbt de la pluie sur mes l\u00e8vres<\/p>\n\n\n\n<p class=\"has-text-align-center\">un peu plus amer<\/p>\n\n\n\n<p>19 f\u00e9vrier (ville \/ rue sans nom, anonyme, sans nom)<\/p>\n\n\n\n<p class=\"has-text-align-center\">rue anonyme<\/p>\n\n\n\n<p class=\"has-text-align-center\">d\u2019un trottoir \u00e0 l\u2019autre<\/p>\n\n\n\n<p class=\"has-text-align-center\">un nouveau monde<\/p>\n\n\n\n<p>20 f\u00e9vrier (vertige)<\/p>\n\n\n\n<p class=\"has-text-align-center\">vertige de toi &#8211;<\/p>\n\n\n\n<p class=\"has-text-align-center\">le vent sur ma peau nue<\/p>\n\n\n\n<p class=\"has-text-align-center\">ravive ton parfum<\/p>\n\n\n\n<p>21 f\u00e9vrier (qu\u00eate, recherche)<\/p>\n\n\n\n<p class=\"has-text-align-center\">matin incertain<\/p>\n\n\n\n<p class=\"has-text-align-center\">en qu\u00eate de chaleur<\/p>\n\n\n\n<p class=\"has-text-align-center\">le chat sur le po\u00eale<\/p>\n\n\n\n<p>22 f\u00e9vrier (hier)<\/p>\n\n\n\n<p class=\"has-text-align-center\">dernier printemps<\/p>\n\n\n\n<p class=\"has-text-align-center\">dans ses yeux \u00e0 peine voil\u00e9s<\/p>\n\n\n\n<p class=\"has-text-align-center\">les souvenirs d\u2019hier<\/p>\n\n\n\n<p class=\"has-text-align-center\">&#8230;<\/p>\n\n\n\n<p class=\"has-text-align-center\">\u00e0 ma fen\u00eatre<\/p>\n\n\n\n<p class=\"has-text-align-center\">hier comme aujourd\u2019hui<\/p>\n\n\n\n<p class=\"has-text-align-center\">le chat des voisins<\/p>\n\n\n\n<p>23 f\u00e9vrier (cri, hurlement)<\/p>\n\n\n\n<p class=\"has-text-align-center\">printemps pr\u00e9coce<\/p>\n\n\n\n<p class=\"has-text-align-center\">sous un ciel presque bleu<\/p>\n\n\n\n<p class=\"has-text-align-center\">le cri des enfants<\/p>\n\n\n\n<p>24 f\u00e9vrier (l\u2019univers, la galaxie, vo\u00fbte c\u00e9leste, monde etc.)<\/p>\n\n\n\n<p class=\"has-text-align-center\">caf\u00e9 du matin<\/p>\n\n\n\n<p class=\"has-text-align-center\">un univers de poussi\u00e8re<\/p>\n\n\n\n<p class=\"has-text-align-center\">sur la vitre<\/p>\n\n\n\n<p>25 f\u00e9vrier (ticket)<\/p>\n\n\n\n<p class=\"has-text-align-center\">au gr\u00e9 du vent<\/p>\n\n\n\n<p class=\"has-text-align-center\">un vieux ticket de tombola<\/p>\n\n\n\n<p class=\"has-text-align-center\">besoin d\u2019\u00e9vasion<\/p>\n\n\n\n<p>26 f\u00e9vrier (guitare)<\/p>\n\n\n\n<p class=\"has-text-align-center\">fin du jour \u2013<\/p>\n\n\n\n<p class=\"has-text-align-center\">sur le vieux banjo bariol\u00e9<\/p>\n\n\n\n<p class=\"has-text-align-center\">ces quelques notes<\/p>\n\n\n\n<p>27 f\u00e9vrier (drogue)<\/p>\n\n\n\n<p class=\"has-text-align-center\">avec l\u2019aube<\/p>\n\n\n\n<p class=\"has-text-align-center\">un caf\u00e9 et un croissant<\/p>\n\n\n\n<p class=\"has-text-align-center\">drogue quotidienne<\/p>\n\n\n\n<p>28 f\u00e9vrier (l\u2019amour)<\/p>\n\n\n\n<p class=\"has-text-align-center\">message d\u2019amour<\/p>\n\n\n\n<p class=\"has-text-align-center\">\u00e0 c\u00f4t\u00e9 du grille-pain<\/p>\n\n\n\n<p class=\"has-text-align-center\">la liste des courses<\/p>\n","protected":false},"excerpt":{"rendered":"<p>1er f\u00e9vrier (lundi matin) lundi matin les pantoufles s&#8217;inqui\u00e8tent de la m\u00e9t\u00e9o 2 f\u00e9vrier (r\u00eaves) plaine d\u00e9tremp\u00e9e comme dans un &hellip; <a class=\"more-link\" href=\"https:\/\/www.tortueav.ch\/?page_id=1110\">Plus<\/a><\/p>\n","protected":false},"author":1,"featured_media":0,"parent":0,"menu_order":0,"comment_status":"closed","ping_status":"closed","template":"","meta":{"footnotes":""},"class_list":["post-1110","page","type-page","status-publish","hentry",""],"_links":{"self":[{"href":"https:\/\/www.tortueav.ch\/index.php?rest_route=\/wp\/v2\/pages\/1110","targetHints":{"allow":["GET"]}}],"collection":[{"href":"https:\/\/www.tortueav.ch\/index.php?rest_route=\/wp\/v2\/pages"}],"about":[{"href":"https:\/\/www.tortueav.ch\/index.php?rest_route=\/wp\/v2\/types\/page"}],"author":[{"embeddable":true,"href":"https:\/\/www.tortueav.ch\/index.php?rest_route=\/wp\/v2\/users\/1"}],"replies":[{"embeddable":true,"href":"https:\/\/www.tortueav.ch\/index.php?rest_route=%2Fwp%2Fv2%2Fcomments&post=1110"}],"version-history":[{"count":24,"href":"https:\/\/www.tortueav.ch\/index.php?rest_route=\/wp\/v2\/pages\/1110\/revisions"}],"predecessor-version":[{"id":1201,"href":"https:\/\/www.tortueav.ch\/index.php?rest_route=\/wp\/v2\/pages\/1110\/revisions\/1201"}],"wp:attachment":[{"href":"https:\/\/www.tortueav.ch\/index.php?rest_route=%2Fwp%2Fv2%2Fmedia&parent=1110"}],"curies":[{"name":"wp","href":"https:\/\/api.w.org\/{rel}","templated":true}]}}