{"id":31,"date":"2018-06-26T13:03:36","date_gmt":"2018-06-26T13:03:36","guid":{"rendered":"https:\/\/andreavillat.wordpress.com\/?page_id=2"},"modified":"2020-11-17T14:56:44","modified_gmt":"2020-11-17T13:56:44","slug":"a-propos","status":"publish","type":"page","link":"https:\/\/www.tortueav.ch\/?page_id=31","title":{"rendered":"\u00c0 propos"},"content":{"rendered":"\n<div class=\"wp-block-image\"><figure class=\"alignleft is-resized\"><img loading=\"lazy\" decoding=\"async\" src=\"https:\/\/www.andreavillat.ch\/wp-content\/uploads\/2020\/11\/andrea-villat_photo-num\u00e9rique-petit.jpg\" alt=\"\" class=\"wp-image-824\" width=\"190\" height=\"224\" srcset=\"https:\/\/www.tortueav.ch\/wp-content\/uploads\/2020\/11\/andrea-villat_photo-num\u00e9rique-petit.jpg 438w, https:\/\/www.tortueav.ch\/wp-content\/uploads\/2020\/11\/andrea-villat_photo-num\u00e9rique-petit-416x492.jpg 416w\" sizes=\"auto, (max-width: 190px) 100vw, 190px\" \/><\/figure><\/div>\n\n\n\n<p>Andr\u00e9a Villat<\/p>\n\n\n\n<p>andrea.villat@yahoo.fr <\/p>\n\n\n\n<p>+41 77 471 40 85 <\/p>\n\n\n\n<p>AVillat.redbubble.com <\/p>\n\n\n\n<h3 class=\"wp-block-heading\" style=\"text-align:right\">Qui suis-je?<\/h3>\n\n\n\n<p style=\"text-align:right\">Artiste illustratrice freelance<\/p>\n\n\n\n<p style=\"text-align:right\">M\u00e9diatrice culturelle ind\u00e9pendante<\/p>\n\n\n\n<p style=\"text-align:right\">Historienne de l&#8217;art<\/p>\n\n\n\n<p style=\"text-align:right\">Japonologue<\/p>\n\n\n\n<p style=\"text-align:right\">Saxophoniste (alto, t\u00e9nor)<\/p>\n\n\n\n<p style=\"text-align:right\">Haijin \u00e0 ses heures&#8230;<\/p>\n\n\n\n<h3 class=\"wp-block-heading\">Exposition &#8211; Stand &#8211; Vernissage<\/h3>\n\n\n\n<div class=\"wp-block-image\"><figure class=\"alignright is-resized\"><img loading=\"lazy\" decoding=\"async\" src=\"https:\/\/www.andreavillat.ch\/wp-content\/uploads\/2020\/11\/DSC02415-petit.jpg\" alt=\"\" class=\"wp-image-821\" width=\"215\" height=\"287\" srcset=\"https:\/\/www.tortueav.ch\/wp-content\/uploads\/2020\/11\/DSC02415-petit.jpg 615w, https:\/\/www.tortueav.ch\/wp-content\/uploads\/2020\/11\/DSC02415-petit-600x800.jpg 600w\" sizes=\"auto, (max-width: 215px) 100vw, 215px\" \/><\/figure><\/div>\n\n\n\n<p style=\"text-align:left\" class=\"has-text-color has-luminous-vivid-orange-color\"><strong>DIMANCHE 29 NOVEMBRE &#8211; DIMANCHE 20 DECEMBRE 2020<\/strong><\/p>\n\n\n\n<p>March\u00e9 de No\u00ebl en ligne! En collaboration avec Tortue Prod, AVillat-illustration vous propose un march\u00e9 de No\u00ebl en ligne agr\u00e9ment\u00e9 de lives Facebook, d&#8217;id\u00e9es cadeaux d\u00e9coiffantes et bien s\u00fbr de cartes, calendriers, mugs et autres objets aux designs originaux! Rendez-vous sur notre page Facebook <a href=\"https:\/\/www.facebook.com\/tortue.av\"><strong>Tortue &amp; av.<\/strong><\/a><\/p>\n\n\n\n<p><\/p>\n\n\n\n<p style=\"text-align:left\" class=\"has-text-color has-luminous-vivid-orange-color\"><strong>VENDREDI 6 &#8211; DIMANCHE 8 NOVEMBRE 2020<\/strong><\/p>\n\n\n\n<p style=\"text-align:left\"><s>Exposition collective &#8220;Un souffle de po\u00e9sie, le haiku dans tous ses \u00e9tats&#8221;. Venez d\u00e9couvrir la magie du haiku \u00e0 travers diff\u00e9rents moyens d&#8217;expression. REndez-vous \u00e0 l&#8217;Espace Gaimont, 9 chemin Gaimont, 1213 Petit-Lancy.<\/s> <strong>En raison de la situation sanitaire actuelle, cette exposition est report\u00e9e \u00e0 l&#8217;automne 2021! <\/strong><\/p>\n\n\n\n<p class=\"has-text-color has-luminous-vivid-orange-color\"><strong>JEUDI 05 &#8211; DIMANCHE 08 D\u00c9CEMBRE 2019<\/strong> &nbsp; <\/p>\n\n\n\n<p>&#8220;Le No\u00ebl de Martine &amp; co&#8221; &#8211; march\u00e9 de No\u00ebl en pr\u00e9sence de cr\u00e9atrices locales \u00e0 l&#8217;arcade Chacun son Paradis (5 rue Leschot, 1205 Gen\u00e8ve). <\/p>\n\n\n\n<p style=\"text-align:left\" class=\"has-text-color has-luminous-vivid-orange-color\"><strong>VENDREDI 7 &#8211;  DIMANCHE 9 DECEMBRE 2018<\/strong><\/p>\n\n\n\n<p style=\"text-align:left\">March\u00e9 de No\u00ebl \u00e0 Carouge en partenariat avec la boutique CBO&#8217;S, Rue Saint-Joseph 7, 1227 Carouge. <\/p>\n\n\n\n<p>Photomatou, atelier cr\u00e9atif, lecture de contes.<\/p>\n\n\n\n<p class=\"has-text-color has-luminous-vivid-orange-color\"><strong>VENDREDI 30 NOVEMBRE &#8211; DIMANCHE 2 DECEMBRE 2018<\/strong><\/p>\n\n\n\n<p>Stand collectif &#8221; A l&#8217;heure du Japon&#8221; au March\u00e9 de No\u00ebl, place du Manoir, Cologny.<\/p>\n\n\n\n<p style=\"text-align:left\" class=\"has-text-color has-luminous-vivid-orange-color\"><strong>SAMEDI 17 &#8211; DIMANCHE 18 F\u00c9VRIER 2018<\/strong><\/p>\n\n\n\n<p style=\"text-align:left\">&#8220;Haiku des saisons \u00e0 travers les textiles japonais&#8221;.<\/p>\n\n\n\n<p style=\"text-align:left\">Atelier d&#8217;\u00e9criture de haiku et pr\u00e9sence sur le stand de Livres et Voyages avec Francine Mancini au Japan Impact 2018 \u00e0 l&#8217;EPFL, Lausanne.\u200b<\/p>\n\n\n\n<p class=\"has-text-color has-luminous-vivid-orange-color\"><strong>SAMEDI 18 NOVEMBRE 2017<\/strong><\/p>\n\n\n\n<p>Pr\u00e9sence sur le stand de Livres et Voyages avec Francine Mancini au Japan Cosplay \u00e0 Palexpo dans le cadre des Automnales 2017.\u200b<\/p>\n\n\n\n<p style=\"text-align:left\" class=\"has-text-color has-luminous-vivid-orange-color\"><strong>JEUDI 16 NOVEMBRE 2017<\/strong><\/p>\n\n\n\n<p style=\"text-align:left\">Vernissage du livre &#8220;Absences&#8221;, textes Sita Pottacheruva et illustrations Andr\u00e9a Villat \/ Librairie Atmosph\u00e8re &#8211; Rue Saint-L\u00e9ger 1, 1205 Gen\u00e8ve\u200b.<\/p>\n\n\n\n<p class=\"has-text-color has-luminous-vivid-orange-color\"><strong>VENDREDI 3 &#8211; SAMEDI 4 NOVEMBRE 2017<\/strong> <\/p>\n\n\n\n<p>Stand et d\u00e9monstration de cr\u00e9ation de carte lors des portes ouvertes de l&#8217;Espace Gaimont &#8211; Ch.Gaimont 1, 1213 Petit-Lancy\u200b.<\/p>\n\n\n\n<h3 class=\"wp-block-heading\">Autres activit\u00e9s<\/h3>\n\n\n\n<p>Organisatrice et guide de <a rel=\"noreferrer noopener\" href=\"http:\/\/www.desexposenfolie.ch\" target=\"_blank\">Des Expos en Folie<\/a>, pour des visites guid\u00e9es ind\u00e9pendantes et originales dans les mus\u00e9es de Gen\u00e8ve, mais aussi \u00e0 travers des podcast th\u00e9matiques sur l&#8217;art et la litt\u00e9rature japonaise.<\/p>\n\n\n\n<div class=\"wp-block-image\"><figure class=\"aligncenter is-resized\"><img loading=\"lazy\" decoding=\"async\" src=\"https:\/\/www.andreavillat.ch\/wp-content\/uploads\/2020\/11\/des-expos-logo-katakana-WEB-OK-transparent-trait-gras.png\" alt=\"\" class=\"wp-image-825\" width=\"235\" height=\"199\" srcset=\"https:\/\/www.tortueav.ch\/wp-content\/uploads\/2020\/11\/des-expos-logo-katakana-WEB-OK-transparent-trait-gras.png 2954w, https:\/\/www.tortueav.ch\/wp-content\/uploads\/2020\/11\/des-expos-logo-katakana-WEB-OK-transparent-trait-gras-600x510.png 600w\" sizes=\"auto, (max-width: 235px) 100vw, 235px\" \/><\/figure><\/div>\n\n\n\n<p>Diff\u00e9rentes activit\u00e9s de m\u00e9diation culturelle ind\u00e9pendantes en collaborations notamment avec:<\/p>\n\n\n\n<p><a href=\"https:\/\/www.tortue-prod.com\/\" target=\"_blank\" rel=\"noreferrer noopener\">Tortue Prod<\/a> et l&#8217;<a href=\"http:\/\/www.ghpl.ch\">Espace Gaimont<\/a>.<\/p>\n\n\n\n<p>Membre du groupe <a href=\"http:\/\/www.safersax.com\" target=\"_blank\" rel=\"noreferrer noopener\">Safer Sax Girls <\/a>(chant &amp; saxophone) depuis 2001.\u200b<\/p>\n\n\n\n<h3 class=\"wp-block-heading\">Publications<\/h3>\n\n\n\n<div class=\"wp-block-image\"><figure class=\"alignright is-resized\"><img loading=\"lazy\" decoding=\"async\" src=\"https:\/\/www.andreavillat.ch\/wp-content\/uploads\/2020\/11\/ABSENCES-couverture-EF.jpg\" alt=\"\" class=\"wp-image-830\" width=\"341\" height=\"342\" srcset=\"https:\/\/www.tortueav.ch\/wp-content\/uploads\/2020\/11\/ABSENCES-couverture-EF.jpg 665w, https:\/\/www.tortueav.ch\/wp-content\/uploads\/2020\/11\/ABSENCES-couverture-EF-300x300.jpg 300w, https:\/\/www.tortueav.ch\/wp-content\/uploads\/2020\/11\/ABSENCES-couverture-EF-100x100.jpg 100w, https:\/\/www.tortueav.ch\/wp-content\/uploads\/2020\/11\/ABSENCES-couverture-EF-600x604.jpg 600w\" sizes=\"auto, (max-width: 341px) 100vw, 341px\" \/><\/figure><\/div>\n\n\n\n<p>Sortie le 4 Novembre 2017\u200b<\/p>\n\n\n\n<ul class=\"wp-block-list\"><li>\n&#8220;Absences&#8221;\n<\/li><\/ul>\n\n\n\n<p>Textes de Sita Pottacheruva, Illustrations de Andr\u00e9a Villat, aux \u00e9ditions Encre Fra\u00eeche. Disponible sur <a href=\"https:\/\/www.encrefraiche.ch\/livre\/absences\">www.encrefraiche.ch\/livre\/absences<\/a>\u200b<\/p>\n\n\n\n<h3 class=\"wp-block-heading\">Presse<\/h3>\n\n\n\n<ul class=\"wp-block-list\"><li>\nTribune de Gen\u00e8ve, lundi 3 juillet 2017.\n<\/li><\/ul>\n\n\n\n<p>&#8220;Un \u00e9t\u00e9 au microscope, la repr\u00e9sentation des insectes dans les arts d&#8217; Edo.&#8221;<\/p>\n\n\n\n<p>Des Expos en Folie, visite du dimanche 2 juillet 2017, Fondation Baur.<\/p>\n\n\n\n<p><a href=\"https:\/\/www.tdg.ch\/culture\/insectes-musee-baur-loupe\/story\/11773349\" target=\"_blank\" rel=\"noreferrer noopener\">www.tdg.ch\/culture\/insectes-musee-baur-loupe\/story\/11773349<\/a><\/p>\n\n\n\n<ul class=\"wp-block-list\"><li>\nJournal de l&#8217;Association suisse des infirmiers\/i\u00e8res, f\u00e9vrier 2018.\n<\/li><\/ul>\n\n\n\n<p>Un joli article sur le livre &#8220;Absences&#8221; paru aux Ed. Encre Fra\u00eeche en novembre 2017.<\/p>\n\n\n\n<p><a href=\"https:\/\/andreavillat.dlcproduction.ch\/wp-content\/uploads\/2018\/07\/absences-2018-article.pdf\">absences 2018-article<\/a><\/p>\n\n\n\n<ul class=\"wp-block-list\"><li>Tribune de Gen\u00e8ve, vendredi 15 juin 2018 &#8211; &#8220;Aujourd&#8217;hui&#8221; 12h.<\/li><\/ul>\n\n\n\n<p>&#8220;Les Vendredis au Clair de Lune &#8211; Lunchs artistiques: l&#8217;atelier fusing et ses artistes&#8221;.<\/p>\n\n\n\n<p>Des Expos en Folie, vendredi 15 juin 2018 \u00e0 Clair Bois-Pinchat.<\/p>\n\n\n<div id=\"WRchTxtf\" class=\"txtNew\">&nbsp;<\/div>\n<div id=\"comp-jdbvjtzh\" class=\"txtNew\">\n<div id='gallery-1' class='gallery galleryid-31 gallery-columns-3 gallery-size-thumbnail'><figure class='gallery-item'>\n\t\t\t<div class='gallery-icon landscape'>\n\t\t\t\t<a href='https:\/\/www.tortueav.ch\/?attachment_id=62'><img loading=\"lazy\" decoding=\"async\" width=\"150\" height=\"113\" src=\"https:\/\/www.tortueav.ch\/wp-content\/uploads\/2018\/07\/dsc07572.jpg\" class=\"attachment-thumbnail size-thumbnail\" alt=\"\" srcset=\"https:\/\/www.tortueav.ch\/wp-content\/uploads\/2018\/07\/dsc07572.jpg 640w, https:\/\/www.tortueav.ch\/wp-content\/uploads\/2018\/07\/dsc07572-600x450.jpg 600w\" sizes=\"auto, (max-width: 150px) 100vw, 150px\" \/><\/a>\n\t\t\t<\/div><\/figure><figure class='gallery-item'>\n\t\t\t<div class='gallery-icon portrait'>\n\t\t\t\t<a href='https:\/\/www.tortueav.ch\/?attachment_id=63'><img loading=\"lazy\" decoding=\"async\" width=\"113\" height=\"150\" src=\"https:\/\/www.tortueav.ch\/wp-content\/uploads\/2018\/07\/dsc07573.jpg\" class=\"attachment-thumbnail size-thumbnail\" alt=\"\" \/><\/a>\n\t\t\t<\/div><\/figure>\n\t\t<\/div>\n\n<\/div>","protected":false},"excerpt":{"rendered":"<p>Andr\u00e9a Villat andrea.villat@yahoo.fr +41 77 471 40 85 AVillat.redbubble.com Qui suis-je? Artiste illustratrice freelance M\u00e9diatrice culturelle ind\u00e9pendante Historienne de l&#8217;art &hellip; <a class=\"more-link\" href=\"https:\/\/www.tortueav.ch\/?page_id=31\">Plus<\/a><\/p>\n","protected":false},"author":1,"featured_media":0,"parent":0,"menu_order":1,"comment_status":"closed","ping_status":"closed","template":"","meta":{"footnotes":""},"class_list":["post-31","page","type-page","status-publish","hentry",""],"_links":{"self":[{"href":"https:\/\/www.tortueav.ch\/index.php?rest_route=\/wp\/v2\/pages\/31","targetHints":{"allow":["GET"]}}],"collection":[{"href":"https:\/\/www.tortueav.ch\/index.php?rest_route=\/wp\/v2\/pages"}],"about":[{"href":"https:\/\/www.tortueav.ch\/index.php?rest_route=\/wp\/v2\/types\/page"}],"author":[{"embeddable":true,"href":"https:\/\/www.tortueav.ch\/index.php?rest_route=\/wp\/v2\/users\/1"}],"replies":[{"embeddable":true,"href":"https:\/\/www.tortueav.ch\/index.php?rest_route=%2Fwp%2Fv2%2Fcomments&post=31"}],"version-history":[{"count":33,"href":"https:\/\/www.tortueav.ch\/index.php?rest_route=\/wp\/v2\/pages\/31\/revisions"}],"predecessor-version":[{"id":853,"href":"https:\/\/www.tortueav.ch\/index.php?rest_route=\/wp\/v2\/pages\/31\/revisions\/853"}],"wp:attachment":[{"href":"https:\/\/www.tortueav.ch\/index.php?rest_route=%2Fwp%2Fv2%2Fmedia&parent=31"}],"curies":[{"name":"wp","href":"https:\/\/api.w.org\/{rel}","templated":true}]}}